hat is the remainder when 149467 is divided by 86?
85
What is the remainder when 1068057 is divided by 1166?
1
Calculate the remainder when 17707 is divided by 48.
43
What is the remainder when 112471 is divided by 68?
67
Calculate the remainder when 17034 is divided by 79.
49
What is the remainder when 1117396 is divided by 296?
292
What is the remainder when 1049 is divided by 324?
77
What is the remainder when 2520 is divided by 728?
336
Calculate the remainder when 20007 is divided by 3989.
62
What is the remainder when 611 is divided by 37?
19
What is the remainder when 540798 is divided by 135198?
6
Calculate the remainder when 403 is divided by 215.
188
Calculate the remainder when 939266 is divided by 1071.
1070
What is the remainder when 9672 is divided by 32?
8
Calculate the remainder when 105817 is divided by 521.
54
What is the remainder when 2509 is divided by 280?
269
What is the remainder when 3359 is divided by 63?
20
What is the remainder when 75453 is divided by 70?
63
What is the remainder when 22642 is divided by 625?
142
What is the remainder when 43036 is divided by 43031?
5
What is the remainder when 11693 is divided by 2906?
69
What is the remainder when 279078 is divided by 65?
33
Calculate the remainder when 195790 is divided by 422.
404
Calculate the remainder when 23561 is divided by 23554.
7
Calculate the remainder when 212263 is divided by 57.
52
Calculate the remainder when 11322 is divided by 607.
396
What is the remainder when 342 is divided by 324?
18
Calculate the remainder when 14682 is divided by 1001.
668
What is the remainder when 960 is divided by 14?
8
Calculate the remainder when 453 is divided by 336.
117
Calculate the remainder when 1012 is divided by 777.
235
What is the remainder when 963 is divided by 295?
78
Calculate the remainder when 47386 is divided by 11779.
270
What is the remainder when 81556 is divided by 20331?
232
What is the remainder when 1368 is divided by 681?
6
Calculate the remainder when 88961 is divided by 15.
11
Calculate the remainder when 148588 is divided by 37147.
0
What is the remainder when 535171 is divided by 18454?
5
What is the remainder when 2983700 is divided by 141?
140
Calculate the remainder when 690085 is divided by 598.
591
What is the remainder when 6063 is divided by 358?
335
What is the remainder when 2632 is divided by 1995?
637
Calculate the remainder when 1974 is divided by 1620.
354
Calculate the remainder when 38217 is divided by 69.
60
Calculate the remainder when 7934 is divided by 54.
50
Calculate the remainder when 1467 is divided by 444.
135
What is the remainder when 17435 is divided by 925?
785
Calculate the remainder when 29426 is divided by 5884.
6
Calculate the remainder when 10420 is divided by 5210.
0
Calculate the remainder when 4080567 is divided by 536.
535
What is the remainder when 12036 is divided by 984?
228
What is the remainder when 6710 is divided by 197?
12
Calculate the remainder when 192479 is divided by 192449.
30
Calculate the remainder when 112706 is divided by 4174.
8
What is the remainder when 397539 is divided by 33127?
15
Calculate the remainder when 534284 is divided by 76325.
9
Calculate the remainder when 22881 is divided by 633.
93
What is the remainder when 11246 is divided by 19?
17
What is the remainder when 893669 is divided by 1593?
1589
What is the remainder when 36989 is divided by 11911?
1256
Calculate the remainder when 14012 is divided by 1273.
9
What is the remainder when 93394 is divided by 516?
514
Calculate the remainder when 26223 is divided by 88.
87
What is the remainder when 8035 is divided by 72?
43
Calculate the remainder when 228539 is divided by 45707.
4
What is the remainder when 322480 is divided by 383?
377
Calculate the remainder when 6253 is divided by 1922.
487
Calculate the remainder when 8413 is divided by 61.
56
Calculate the remainder when 31527 is divided by 15758.
11
Calculate the remainder when 8364 is divided by 1391.
18
Calculate the remainder when 464267 is divided by 33.
23
Calculate the remainder when 5951 is divided by 108.
11
Calculate the remainder when 4630 is divided by 360.
310
What is the remainder when 1362 is divided by 680?
2
What is the remainder when 2352 is divided by 954?
444
Calculate the remainder when 89445 is divided by 102.
93
Calculate the remainder when 30951 is divided by 1286.
87
Calculate the remainder when 7285 is divided by 3640.
5
What is the remainder when 4884 is divided by 2440?
4
What is the remainder when 2053 is divided by 1854?
199
Calculate the remainder when 3134 is divided by 319.
263
What is the remainder when 36116 is divided by 70?
66
Calculate the remainder when 13862 is divided by 235.
232
Calculate the remainder when 266885 is divided by 152.
125
What is the remainder when 40542 is divided by 13504?
30
Calculate the remainder when 23160 is divided by 7250.
1410
Calculate the remainder when 7938 is divided by 441.
0
What is the remainder when 1107 is divided by 100?
7
Calculate the remainder when 863509 is divided by 494.
491
What is the remainder when 92708 is divided by 9267?
38
What is the remainder when 503 is divided by 7?
6
What is the remainder when 461938 is divided by 53?
43
What is the remainder when 29199 is divided by 412?
359
Calculate the remainder when 112944 is divided by 60.
24
What is the remainder when 2252 is divided by 35?
12
What is the remainder when 400 is divided by 27?
22
Calculate the remainder when 138295 is divided by 75.
70
Calculate the remainder when 16294 is divided by 153.
76
What is the remainder when 9155 is divided by 270?
245
Calculate the remainder when 11398 is divided by 19.
17
Calculate the remainder when 2692 is divided by 25.
17
Calculate the remainder when 47256 is divided by 482.
20
Calculate the remainder when 767083 is divided by 1894.
13
Calculate the remainder when 682 is divided by 149.
86
What is the remainder when 1783 is divided by 599?
585
What is the remainder when 776985 is divided by 38?
37
What is the remainder when 3263 is divided by 131?
119
Calculate the remainder when 99778 is divided by 49821.
136
What is the remainder when 7288 is divided by 45?
43
What is the remainder when 3327 is divided by 1530?
267
Calculate the remainder when 1903 is divided by 367.
68
Calculate the remainder when 196 is divided by 78.
40
What is the remainder when 4651 is divided by 73?
52
What is the remainder when 690 is divided by 204?
78
What is the remainder when 38470 is divided by 2022?
52
What is the remainder when 83627 is divided by 159?
152
Calculate the remainder when 17107 is divided by 5700.
7
Calculate the remainder when 6273 is divided by 85.
68
What is the remainder when 31486 is divided by 123?
121
Calculate the remainder when 2893 is divided by 961.
10
What is the remainder when 4770 is divided by 43?
40
Calculate the remainder when 38150 is divided by 92.
62
Calculate the remainder when 33538 is divided by 430.
428
What is the remainder when 2120 is divided by 398?
130
Calculate the remainder when 2228 is divided by 1099.
30
Calculate the remainder when 326445 is divided by 111.
105
Calculate the remainder when 8581 is divided by 205.
176
Calculate the remainder when 1370 is divided by 1245.
125
What is the remainder when 148800 is divided by 39?
15
What is the remainder when 6511 is divided by 210?
1
What is the remainder when 13097 is divided by 871?
32
What is the remainder when 143532 is divided by 11039?
25
Calculate the remainder when 13051 is divided by 214.
211
Calculate the remainder when 39775 is divided by 993.
55
What is the remainder when 11419 is divided by 5703?
13
What is the remainder when 19551 is divided by 4862?
103
What is the remainder when 25775 is divided by 4294?
11
What is the remainder when 159132 is divided by 8375?
7
What is the remainder when 4098 is divided by 724?
478
Calculate the remainder when 2209 is divided by 70.
39
What is the remainder when 8616 is divided by 148?
32
Calculate the remainder when 9929 is divided by 9847.
82
What is the remainder when 3909693 is divided by 16?
13
Calculate the remainder when 3318739 is divided by 215.
214
What is the remainder when 117 is divided by 41?
35
What is the remainder when 31312 is divided by 33